) = q*m(l) - 24*k(l). Determine g(-1).
6
Let t(v) be the third derivative of -v**5/120 + v**4/3 - 61*v**3/6 + v**2 - 2*v. Let c(y) be the first derivative of t(y). Calculate c(0).
8
Let g(k) be the first derivative of -5*k**2 - 217*k + 1352. What is g(-21)?
-7
Let x(y) = 8*y - 11. Let i be -10 - 24*(-13)/26. What is x(i)?
5
Suppose -6 + 26 = 4*t. Let z(d) be the first derivative of -7*d - 26 + 3/2*d**2. Determine z(t).
8
Let w = 871 - 871. Let u(b) = -8*b - 7. Calculate u(w).
-7
Let g(q) = -10*q + 3 + 8*q + 0*q - 6. Let z(w) = -w**2 - 20*w + 38. Let k be z(-22). Determine g(k).
9
Let z(j) = -j**3 - 6*j**2 - 3. Let k = 3721 + -3728. What is z(k)?
46
Suppose -9*g = -25*g + 1616. Let k = -101 + g. Let w(j) be the second derivative of j**3/6 - j**2/2 - 3*j. Give w(k).
-1
Let a(o) be the third derivative of -1/60*o**5 - 19*o**2 + 1/4*o**4 + 0 - 5/6*o**3 + 0*o. What is a(7)?
-12
Let m(n) = 288*n. Let s be m(0). Let v(p) = -p**2 + p - 1. Let w(y) = -8*y**2 + 4*y - 4. Let i(u) = 6*v(u) - w(u). Calculate i(s).
-2
Let z(t) = t**2 + 4*t + 3. Suppose 154 = -4*p + 6*p. Let g = p - 74. Suppose 0 = 2*a + 3*b + g, -8 = 2*a - 4*b + 2. What is z(a)?
0
Let g = -12 - -17. Suppose 3*y = 2*y + g. Let o(k) = 12 + 7 - 58 + 25 + 13 + k. Give o(y).
4
Suppose 24*r - r - 212 = 179. Let c(h) = -2*h + 13. Determine c(r).
-21
Let l(x) = x - 7. Let m be 2/15 - (-28)/(-210). Let b be (-1 - m)/((-114)/(-30) - 4). Calculate l(b).
-2
Let r(o) be the second derivative of o**4/6 + 7*o**3/3 + 3*o**2 + 44*o. Let n be 8/(128/(-144))*(-4)/(-6). Give r(n).
-6
Let r(a) be the first derivative of -5*a**2/2 + 188*a - 75. Calculate r(38).
-2
Let p(u) = u**3 + u**2 - 7*u + 1. Let v(c) = 3*c**3 + 2*c**2 - 13*c + 3. Let m(k) = -2*p(k) + v(k). Calculate m(0).
1
Let b(l) be the first derivative of -l**3/3 + 2*l**2 + 3*l - 403. Suppose 0 = t + 6 - 3. Let d be 6 - t*(-2)/3. What is b(d)?
3
Let u(d) = -d**3 - d**2 - 4*d - 2. Let c(g) = 5*g**3 + 19*g**2 + 11*g + 16. Let m(n) = -c(n) - 6*u(n). Determine m(12).
8
Let j = 214 + -211. Let o(s) = -2*s**2 - 10*s + 6. Let c(f) = 3*f**2 + 19*f - 13. Let t(q) = j*c(q) + 5*o(q). What is t(6)?
-3
Let w(y) be the first derivative of y**4/4 + 3*y**3 + y**2 + y - 110. Let z(l) = -2*l**3 - 20*l**2 - 4*l - 2. Let j(v) = 9*w(v) + 4*z(v). Calculate j(-3).
-23
Let m(n) = n**3 - 5*n**2 - 9*n + 16. Let t(o) = o**2 - 47*o - 1082. Let a be t(-17). Calculate m(a).
-2
Let r(y) be the first derivative of -y**3/3 - 4*y**2 - 4*y + 564. What is r(-6)?
8
Let f(q) = 4*q**2 + 2*q - 1. Let u be 7 - (-75 + 6 + -3). Suppose 0 = -u*h + 76*h + 6. What is f(h)?
19
Let q(n) = -163 + 27*n + 2 + 187 - n**2. What is q(28)?
-2
Let v(j) be the first derivative of j**4/4 + 4*j**3 - 8*j**2 - 14*j - 959. Determine v(-13).
25
Let h(m) = m**3 + 8*m**2 - 5*m - 4. Suppose 52 = -319*j + 312*j - 11. Determine h(j).
-40
Let o(t) = -7*t**2 + 6*t + 5. Let r(b) = 38*b - 5*b**2 + 5 - 25*b - 7*b. Let h(p) = -3*o(p) + 4*r(p). Calculate h(-3).
-4
Let q be (-3 - -3 - 7)*1. Let y = q + 7. Let v(d) be the third derivative of -d**5/60 - d**3/6 + 3*d**2 + 1152. What is v(y)?
-1
Let n(t) = -t - 15. Suppose -2*y - 7*q = -8*q - 15, 3*q + 20 = y. Determine n(y).
-20
Let v(p) = 6 - 3 - 6*p - 3. Let c(k) = 14*k + 1. Let q(u) = -2*c(u) - 5*v(u). Determine q(0).
-2
Suppose -3*c = 2*r + 12, 2621*r - 2*c = 2618*r - 5. Let v(y) = y**2 - 12*y - 49. Determine v(r).
-4
Let f(v) = -v**2 - 5*v + 10. Suppose -3*a = 6*a - 63. Suppose -4*q - a*q - 77 = 0. Give f(q).
-4
Let v(h) = h**3 + 7*h**2 - 3*h - 2. Let d = 221 - 189. Suppose 29*z - 21 = d*z. Determine v(z).
19
Let l(c) = 2*c**2 - 7*c + 3*c**2 - c**2 + 3 + 5*c - c**3. Let x be l(4). Let z be (4 + (x - -2))*3. Let t(r) = -2*r**3 + 5*r**2 - 5*r + 3. Determine t(z).
-21
Let z = 11 + -7. Let j = 725 + -696. Suppose -j = -5*m - z. Let f(p) = -p**3 + 4*p**2 + 4*p + 7. Give f(m).
2
Let n(z) = 3*z**2 + 45*z - 9. Suppose 5*w + 3*j + 35 + 43 = 0, -4*w - 63 = 3*j. What is n(w)?
-9
Suppose 48*f = 46*f + 6. Let m be ((-4)/f)/(1*3/(-9)). Let x(g) = g - 6. What is x(m)?
-2
Suppose -r - 30 = -5*o + r, 3*r = o + 7. Let h be (2 + -3)/(2 - 20/o). Let x(j) = -3 + 0 + 0*j**2 - 8*j - j**h + 0. What is x(-7)?
4
Suppose 15*b = 9*b - 13*b - 26*b. Let g(k) be the third derivative of -2*k**2 + 0*k + b + 1/6*k**4 + 0*k**3. What is g(2)?
8
Let b(m) be the third derivative of m**4/24 + 439*m**2. Let x(f) = f**2 - 1. Let j be x(-1). What is b(j)?
0
Let u(o) = -o**2 + 2*o. Suppose -4*v + 7 = -i + 1, i = -5*v + 30. Suppose 14*n - 12 = i*n. Suppose -4*d = -n*l + d - 4, -5*d = -10. Calculate u(l).
0
Let u(g) be the third derivative of -5*g**4/24 + 29*g**3/6 - 6*g**2 - 77*g. What is u(8)?
-11
Suppose 0 = -3*b - 295 + 358. Let v be (b - -3)/6 + -2. Let z(d) = -3*d**3 + d**2 - 1. Calculate z(v).
-21
Let t(w) = w - 26. Let v(o) = -o + 20. Let f(q) = 5*t(q) + 6*v(q). Let h = -23 + 13. Let x = 5 + h. What is f(x)?
-5
Let g = 8 + -4. Suppose r = 5*j + 10, -3*r + 23 = -g*j + 4. Let b(i) = 6*i - 1. Calculate b(r).
29
Let j(r) = -2*r**2 - 2*r + 1. Suppose -2268 = 52*h - 2424. Calculate j(h).
-23
Let v = -46 + 45. Let n be 7/v + (7 - 3). Let y(s) = s**2 - 3. Determine y(n).
6
Let r(j) = 22 + 21 - 3*j - 44. Let g(y) = 3*y - 8. Let n = -92 + 94. Let q be g(n). Determine r(q).
5
Let r(h) = 11*h**2 - 26 - h - h**3 - 2*h - 29*h**2 + 14 + 8*h**2. Determine r(-10).
18
Let y(x) be the second derivative of -2*x**3/3 - x**2/2 - 2*x. Let m be (-840)/(-588) - (-4)/7. Calculate y(m).
-9
Suppose -26*a - 47 - 164 + 29 = 0. Let o(l) = 15*l**3 + 27*l**2 - 11. Let s(n) = 7*n**3 + 13*n**2 - 5. Let x(y) = 6*o(y) - 13*s(y). Determine x(a).
-1
Let l be 19/((-190)/30) - (-19 - (-2 - 0)). Let w(k) = -k**2 + 15*k - 32. What is w(l)?
-18
Suppose 3*n + 2*f - 16 = 0, -f + 2*f = -4*n + 18. Suppose n*a = -9*a. Let t(d) = 920*d + 5 - 916*d - 4*d**2 + a - d**3. Give t(-4).
-11
Let z(x) be the third derivative of x**7/5040 - 7*x**6/720 + x**5/4 - 6*x**2. Let a(c) be the third derivative of z(c). Let i = 62 + -56. What is a(i)?
-1
Suppose -15 - 13 = 14*w + 14. Let p(h) = -8*h**2 - h - 3. Give p(w).
-72
Suppose -4*p + 3*y = -1802, -5*p = -11*y + 6*y - 2250. Let j = p - 448. Let m(t) = 2*t - 6. Give m(j).
2
Let o(j) = j**3 + 8*j**2 - 15*j - 18. Let h(s) = s**2 + 23*s - 2229. Let w be h(37). Give o(w).
36
Let m(g) = -6*g + 16. Let i(q) = q**3 + 23*q**2 + 2*q + 35. Let h be i(-23). Let u(c) = 17*c - 47. Let j(l) = h*m(l) - 4*u(l). Give j(7).
-2
Let d be 1/2*-2*(64 + -67). Let b(x) = 0*x + 3*x + 6 - 5 - 4. Give b(d).
6
Suppose -4*d + 18 = 42. Suppose 4*c = -0*c + 8. Let n(w) = 7*w - 4*w + w**c - 5 + 2*w. What is n(d)?
1
Let d(v) = v**3 + 3*v**2 + 3*v + 1. Let k(z) be the third derivative of 17*z**4/24 - 6*z**3 - 40*z**2 - 3. Let i be k(2). Give d(i).
-1
Let i(q) = 78 - 10*q - 13*q + 36 - q + 34. Give i(7).
-20
Let t(u) = -5*u - u + 35*u**2 + 38*u**2 - 103*u**2 + 12 + 29*u**2. Give t(5).
-43
Let h(c) = 2*c**2 - 13*c + 10. Let x = -341 + 351. Suppose -2*u = 2*w - 6 - x, 0 = -5*u - w + 40. Give h(u).
34
Let n(g) be the second derivative of -g**5/20 - 7*g**4/12 + 3*g**3/2 + 7*g**2/2 - 2*g. Let t(m) = -m**2 + 291*m - 11476. Let k be t(47). Calculate n(k).
-1
Let k(r) be the third derivative of 0 - 13/6*r**3 + 104*r**2 + 0*r - 1/120*r**6 - 1/6*r**5 + 5/12*r**4. Give k(-11).
-2
Let q(n) = -n**3 - n**2 - n + 24. Let s(w) = w**3 - 20*w**2 + 19*w + 30. Let l be s(20). Let u = -410 + l. Calculate q(u).
24
Let f(u) = -u**3 - 9*u**2 + 7*u + 28. Suppose -727 - 20 = 83*x. What is f(x)?
-35
Let b(a) be the first derivative of 14*a + 1/4*a**4 + 1/2*a**2 - 4 + 0*a**3. Let n = -268 - -268. Calculate b(n).
14
Let l(y) = -7*y + 2. Let i(n) = -6*n - 15. Let j be i(-3). Suppose 0 = -d + j*h + 24, 5*d + h + 3*h = 101. Let x be (-6)/d*-1*7. What is l(x)?
-12
Let z(u) = 2*u**3 - 2*u**2 - 13*u + 8. Let d be z(5). Let j = d + -155. Let n(f) = f. Calculate n(j).
-12
Let t(j) = -3*j**2 - j + 4. Suppose 1614 = 4*q + 18. Let u = q - 401. What is t(u)?
-6
Let o be (41 - 40)/((-2)/(-10)). Let m(v) = 75*v - 145*v - o + 14*v**2 + v**3 + 82*v. What is m(-13)?
8
Let q(y) = 2*y**2 + 7*y + 10. Suppose -64*i + 20*i - 91 = -31*i. Calculate q(i).
59
Let i = 3 + 3. Let v(p) be the third derivative of -p**6/120 + p**5/12 + p**4/8 - 3*p**3/2 + 82321*p**2. Give v(i).
-27
Let f(i) = -34*i**2 - 29*i**2 